-6
Let c(g) = 32*g + 35*g - 66*g. Suppose 13 = -7*h + 6. Calculate c(h).
-1
Let u(j) = 7*j + 21. Let x be u(-1). Suppose 12 = -x*b + 2*b. Let l(y) = -25*y. Give l(b).
25
Let q = -746 - -1178. Let j = 421 - q. Let l(m) = m**3 + 11*m**2 + m + 4. What is l(j)?
-7
Let m(p) be the third derivative of p**7/2520 - p**6/144 - p**5/120 + 2*p**4/3 - 2*p**3/3 + p**2 - 40. Let j(h) be the second derivative of m(h). What is j(5)?
-1
Let y(b) be the second derivative of b**3/3 + b**2/2 - 21*b + 73. Suppose 5 = -q, 2*l = 3*q + q + 14. Determine y(l).
-5
Let x(p) = p**2 + 58*p + 64. Let z = 19028 - 19085. Calculate x(z).
7
Let n(j) = -j**2 + 10*j - 7. Let c(b) = -b**2 - 13*b - 30. Suppose 2*v = -2, -4*m + 4*v - 2 = 14. Let s be c(m). Calculate n(s).
-7
Let j(k) = -3*k**3 + 16*k**2 + 13*k - 1. Let n(m) = -m**3 + 52*m**2 - m + 58. Let z be n(52). Give j(z).
5
Let s(a) be the first derivative of a**4/4 - 7*a**3/3 + 7*a**2 - 26*a - 5376. What is s(5)?
-6
Let d(h) be the second derivative of 2/3*h**4 - 5/6*h**3 + 15*h - 5 - 1/2*h**2 - 1/20*h**5. Give d(7).
13
Let t(h) = 17*h**2 - 8*h - 3 + 39*h**3 - h**2 - 7*h**2 - 40*h**3. Calculate t(8).
-3
Let r(y) = y**3 + 5*y**2 - 8*y - 6. Let b be 12/48 + 942/8. Let i = 136 - b. Suppose 0 = 3*g + i. Determine r(g).
6
Let g(c) = -c**2 - c + 28. Let v = -3038 + 3031. Calculate g(v).
-14
Let l(t) be the first derivative of -t**4/4 + 31*t**3/3 - 83*t**2/2 - 40*t + 2214. What is l(28)?
-12
Let w(c) = -3*c - 44. Let b be w(-12). Let n = -7 - b. Let r(q) = 9*q**2. What is r(n)?
9
Let r(s) = -s**2 + 4*s + 7. Suppose 220 = -5*i + i. Let v = 56 + i. Let m be (-5 + (-45)/(-6))/(v/2). Calculate r(m).
2
Let h be (9/(-2))/(9/12). Let g(l) be the third derivative of -l**6/120 - l**5/10 - l**4/6 - l**3/6 + 119*l**2 - l. What is g(h)?
23
Let p(u) = -u**2 + 2*u + 3. Let l = -30384 + 30379. Calculate p(l).
-32
Let p(n) be the first derivative of -7*n**2/2 + 2*n - 347. Let b(k) = -2*k**2 + 35*k - 23. Let v be b(17). What is p(v)?
44
Let r(i) = -2*i**2 - 10 - 1464*i + 2917*i - 1466*i + 5*i**2. Calculate r(5).
0
Let p(f) = -2*f**3 - f + 1. Let m(s) = -9*s**3 - 24*s**2 - 32*s + 54. Let t(l) = m(l) - 5*p(l). Calculate t(25).
-1
Let v(s) = s**2 - 3*s - 3. Let l be (-5)/(-1) + -1 + 0. Let q(d) = 4*d + 4. Let k(t) = l*v(t) + 3*q(t). Let h = -7168 - -7169. What is k(h)?
4
Let p = 3 + 3. Let g(w) = 4*w + 1. Suppose -4*l - 15 = d, -d + 9 = -0*l - 2*l. Let k(c) = 14*c + 2. Let t(v) = d*k(v) - 3*g(v). Give t(p).
11
Let v(s) = 5*s**2 + 8*s + 12. Let r(b) = 17*b**2 + 22*b + 35. Let y(z) = 2*r(z) - 7*v(z). Determine y(-12).
-14
Let h(a) = 2*a - 18. Let o be h(0). Let z be (-2 - o)*(-5)/(-10). Let v(w) be the second derivative of -w**4/12 + 7*w**3/6 + 5*w**2 + 291*w. Determine v(z).
2
Let f(k) = -3*k + 5. Let q(z) = 2*z**3 + 22*z**2 - 25*z - 15. Let x be q(-12). Let a(v) = -7*v + 15. Let u(g) = x*a(g) + 8*f(g). Give u(-2).
1
Let f(g) be the first derivative of -1/3*g**3 - 120 + 0*g + 11/2*g**2. Give f(11).
0
Let c(g) = -g**3 - g. Let z(a) = a**3 + a**2 + a + 1. Let r = 51 - 46. Let j(l) = r*z(l) + 4*c(l). Let k(y) = 3*y - 56. Let q be k(17). Determine j(q).
0
Let r(l) = l**2 - 2*l. Suppose u - 3*x + 2 = -u, 5*u - 21 = x. Let p be 4*(-240)/(-192)*(24/10 - 1). Suppose -p*a = u*a - 24. Determine r(a).
0
Let t(o) be the third derivative of -o**6/120 - o**5/3 + o**4/24 + 23*o**3/6 + 307*o**2 - 1. Calculate t(-20).
3
Let q(c) = -c + 5. Suppose 9*w + 4*w = -1456. Let r = w + 201. Let m = -93 + r. What is q(m)?
9
Let q(a) = a**3 + 77*a**2 + 148*a - 140. Let z be q(-75). Let o(h) be the third derivative of -h**5/60 + 5*h**4/12 - 5*h**3/2 + 6*h**2. What is o(z)?
-15
Suppose -48 = -5*a - 3. Suppose -398 + 142 = 16*v. Let m = a + v. Let f(g) = g**3 + 6*g**2 - 7*g + 2. Give f(m).
2
Let x(t) = -t**3 - 9*t**2 + 8*t - 19. Suppose -r + 4 - 14 = 3*c, 5*c = -r - 10. Give x(r).
1
Let s(h) = 3*h**2 + 8*h - 2. Let r be (-14)/(-21) + 5/(30/(-28)). Let k be s(r). Let t = k - 12. Let u(b) = 6*b - 2. Determine u(t).
10
Let w = -6 - -10. Let j be -2 + (-19 - -14) + 17. Suppose -b + w*b = k - 2, 2*b + 5*k = j. Let t(p) = p**2 + p + 3. What is t(b)?
3
Let r be -291 + 301 - (1 - 1). Let x(j) = j**3 - 10*j**2 - 2*j - 12. Give x(r).
-32
Let v(g) = 15*g**2 - 768*g + 146. Let x be v(51). Let l(y) = -7*y - 1 - 6*y + 12*y - 11. What is l(x)?
-5
Let t(k) = 6*k**3 - 5*k**2 + 10*k - 4. Let w(s) = s**3 - 2*s**2 + 4*s + 1. Let c(z) = -t(z) + 5*w(z). What is c(-6)?
-15
Let z(r) be the first derivative of 6*r**2 - 33*r - 1603. Give z(3).
3
Let y(b) be the third derivative of 5/6*b**3 - 5/24*b**4 + b**2 + 0*b - 33. What is y(2)?
-5
Let x(q) = 15*q + 21. Suppose 0 = 2*b - t - 6, 3*b - 13 - 11 = -t. What is x(b)?
111
Let o(j) = j**2 + 9*j + 10. Suppose -2 = -7*w + 6*w - 3*d, w - 5*d - 2 = 0. Let u(x) = 3*x - w*x + 13 + 3*x - 5*x. Let k be u(21). What is o(k)?
2
Let f(p) = p**3 - 2*p**2 + p + 3. Let y = 57 - 53. Suppose 0*d + 6 = 3*r - 4*d, -2*r + 4 = -y*d. Let m be -3 + (10 - 2 - r). What is f(m)?
15
Suppose 13*c + u = 11*c - 14, -5*u = 5*c + 35. Let q(l) = l**3 - 46*l + 14. What is q(c)?
-7
Let u(q) = 4 + 1 + 3501*q - 3498*q + 7. What is u(-9)?
-15
Let p(q) = 8 + 2 + 7*q - 8*q. Suppose -44*c + 42*c = -14. Let r be (-2)/c + (-696)/(-84). Determine p(r).
2
Let j(p) = -1866*p - 1851*p + 3706*p - 314. Determine j(-28).
-6
Let x(p) be the first derivative of 1/2*p**2 + 3 + 2*p. Suppose 0 = 48*r + 53 + 43. Determine x(r).
0
Let c(i) = i**2 - 20*i + 42. Let v(p) = -p**3 - 90*p**2 - 176*p + 18. Let r be v(-88). What is c(r)?
6
Let v(t) be the third derivative of -t**6/120 - 7*t**5/30 + t**4/6 - 5*t**3 - 2*t**2 - 10*t + 14. Calculate v(-14).
-86
Suppose 3*o - 42 = -4*o. Let h(p) = -p**3 - 16046*p**2 - o + 12*p - 9 + 16057*p**2. Determine h(12).
-15
Let g be (-9)/(36/16)*53/(-2). Suppose g*h - 27 = 103*h. Let s(q) = q**2 - 6*q - 1. Calculate s(h).
26
Let k(n) = -2*n + 2. Suppose -5*i = 10, 2*u - 54 = -i - 828. Let r = u - -378. Calculate k(r).
18
Let o(d) = 2*d**3 - d**2 + 16*d - 2190. Let r(x) = x**3 - x**2 + 8*x - 995. Let i(l) = -5*o(l) + 11*r(l). Suppose 4*z = 2*z + 12. Calculate i(z).
53
Let j(p) be the second derivative of p**7/2520 + p**5/30 - 5*p**4/6 + 54*p. Let d(z) be the third derivative of j(z). Determine d(-4).
20
Let p(l) = -230*l - 236. Let v be p(-1). Let b(k) = k**3 + k**2 - 32*k - 17. Give b(v).
-5
Suppose -13*h = -6*h + 7*h + 42. Let a(m) = 6*m**3 + 9*m**2 - 4*m - 2. Give a(h).
-71
Let v(c) = c**2 + 15*c - 5. Let y be v(-16). Let i(h) = y - 10 + h - 7 - 2*h. Calculate i(-4).
-2
Let j(p) be the second derivative of 1/20*p**5 - 1/12*p**4 - 70*p + 1/6*p**3 + 0 + 0*p**2. Give j(0).
0
Let s(m) be the third derivative of -5/24*m**4 - 7 + 2*m**2 - 1/2*m**3 + 0*m - 1/60*m**5. Calculate s(-4).
1
Let t(z) = z**3 + 5*z**2 + 2*z - 3. Let a be t(-3). Let u be a/(-4) - 2/(-8). Let y(k) = 116*k - 3 + 120*k - 364*k + 122*k. What is y(u)?
9
Let b(y) be the third derivative of 13*y**4/12 + 217*y**3/2 - 13728*y**2. Determine b(-25).
1
Let p(h) be the third derivative of h**5/60 - 13*h**4/24 + 31*h**3/6 - 6*h**2 + 3. Calculate p(7).
-11
Let u(t) = 1 - 2*t + t + 2. Let w be u(4). Let j(r) = -14*r**2 + 26*r - 33. Let b(n) = 29*n**2 - 61*n + 77. Let q(y) = -3*b(y) - 7*j(y). Calculate q(w).
10
Let l(v) be the second derivative of -13*v**3/2 + 315*v**2/2 + 2653*v. What is l(8)?
3
Let t(n) = n**3 + 6*n**2 + 19*n + 71. Suppose -10 = -6*l + 8*l. Let i be t(l). Let q(g) = -2*g**3 + g**2 - 2*g + 1. Give q(i).
-2
Let f(l) = -12*l**2 + 6*l + 8. Suppose 15 = -5*t + 2*t - 2*z, -3*t - 24 = 5*z. Let s(o) = 7*o**2 - 2*o - 4. Let q(n) = t*f(n) - 5*s(n). Give q(7).
-11
Let p(o) = -o**2 + 67*o - 473. Let y be p(59). Let r(a) be the first derivative of 1/2*a**2 + 2 + 0*a + a**4 + 1/3*a**3. Calculate r(y).
-4
Let l(m) = 13*m**2 + 236*m + 42. Let k be l(-18). Let h(i) = -6*i + 13. Give h(k).
-23
Let f(c) be the second derivative of -1/4*c**4 - 5 + 0*c**2 + 5*c - 1/20*c**5 - 1/3*c**3. Let h(d) = -d**3 - 3*d**2 + 5*d + 2. Let k be h(-4). Calculate f(k).
0
Let j(r) = r**2 + 7*r - 12. Let d(y) = -y**2 - 8*y + 13. Let z(a) = -4*d(a) - 3*j(a). Let o(w) = -7*w + 58. Let n be o(10). Give z(n).
-4
Let f(y) = 1 - 2*y + 3*y + 0*y. Let l be ((-68)/(-3) - 0)/(166/747). Suppose -l = -10*s + 27*s. What is f(s)?
-5
Suppose -r + 5 = a, -5*r + 29*a 